e of 28?
True
Is 162 a factor of 122806627?
False
Is 13 a factor of 3710602723?
False
Is 520467656 a multiple of 13?
False
Is 32246043 a multiple of 722?
False
Is 618 a factor of 59665026?
False
Does 1196 divide 515476?
True
Is 18937495 a multiple of 5?
True
Is 98194530 a multiple of 3283?
True
Is 114 a factor of 53249400?
True
Is 194 a factor of 2227110494?
True
Is 2866188530 a multiple of 27?
False
Is 839 a factor of 48900276?
True
Does 171 divide 118420065?
True
Is 4 a factor of 326236?
True
Is 42 a factor of 15199590?
True
Is 2993112 a multiple of 23?
False
Is 9 a factor of 41127327?
True
Does 1974 divide 36866424?
True
Is 4 a factor of 14996200?
True
Is 12271486 a multiple of 210?
False
Is 29408117 a multiple of 18?
False
Is 3787539 a multiple of 159?
True
Does 659 divide 8305377?
True
Is 411 a factor of 75644961?
True
Is 146301716 a multiple of 11?
True
Does 74 divide 673745286?
False
Is 3587227115 a multiple of 15?
False
Is 1012 a factor of 577155968?
False
Does 12 divide 12877668?
True
Does 244 divide 78179107?
False
Is 86140548 a multiple of 39?
True
Is 1368911378 a multiple of 47?
True
Does 308 divide 108991652?
True
Does 158 divide 1860728712?
True
Is 4 a factor of 11292300?
True
Is 13 a factor of 447211128?
True
Is 6599821 a multiple of 19?
True
Is 3861545919 a multiple of 6156?
False
Does 202 divide 1068397190?
True
Is 19480225 a multiple of 10?
False
Is 137907708 a multiple of 402?
True
Does 29 divide 3033246320?
False
Is 1165874002 a multiple of 46?
True
Does 71 divide 1261067797?
False
Does 9 divide 65569064?
False
Does 77 divide 120539408?
False
Is 308 a factor of 15277109?
False
Is 7704176 a multiple of 382?
True
Is 42952462 a multiple of 287?
False
Does 104 divide 23437960?
True
Does 20 divide 50482454?
False
Does 4 divide 2697548?
True
Is 25714559 a multiple of 7?
False
Does 299 divide 58066798?
False
Is 48 a factor of 6462876625?
False
Is 405 a factor of 3223186020?
True
Is 738567918 a multiple of 5357?
False
Is 1206 a factor of 82008109?
False
Is 4981 a factor of 78812186?
False
Does 325 divide 416900900?
True
Is 325 a factor of 657762302?
False
Does 1165 divide 27755760?
False
Does 126 divide 88241345?
False
Is 1082643074 a multiple of 45?
False
Is 243970465 a multiple of 31?
True
Does 11 divide 11017614?
False
Does 22 divide 8631276?
False
Does 1735 divide 470775833?
False
Does 1051 divide 61094141?
False
Is 4 a factor of 29334345?
False
Is 535 a factor of 330391390?
True
Is 54944770 a multiple of 95?
True
Is 2332 a factor of 29954684?
False
Is 328 a factor of 19062306?
False
Does 2125 divide 6654217?
False
Is 480 a factor of 966343680?
True
Does 16 divide 82038738?
False
Does 17 divide 3186801?
False
Does 10 divide 13462470?
True
Is 2765 a factor of 312331860?
False
Is 265 a factor of 20195915?
True
Does 47 divide 570287813?
False
Does 115 divide 162509145?
True
Is 66 a factor of 63158634?
True
Does 588 divide 3670884?
True
Does 2 divide 2958156?
True
Does 363 divide 19121025?
True
Is 1263323300 a multiple of 2185?
True
Is 11590399 a multiple of 9?
False
Does 6 divide 28974738?
True
Is 276746120 a multiple of 16?
False
Does 5 divide 70503357?
False
Is 113 a factor of 11069480?
True
Is 14820993 a multiple of 849?
True
Is 128309309 a multiple of 21?
False
Does 2 divide 55712509?
False
Is 287917665 a multiple of 87?
False
Is 399 a factor of 340682086?
False
Is 12355230 a multiple of 106?
False
Is 14230264 a multiple of 113?
False
Is 6 a factor of 191587338?
True
Is 1063720131 a multiple of 248?
False
Does 57 divide 1206756576?
True
Does 264 divide 160829351?
False
Is 346 a factor of 22081891?
False
Does 37 divide 250060282?
True
Is 295 a factor of 186683670?
True
Is 1211223400 a multiple of 40?
True
Is 66968931 a multiple of 7?
False
Is 140 a factor of 3503387720?
True
Is 2889610 a multiple of 505?
True
Is 212 a factor of 71610632?
True
Is 430972168 a multiple of 2108?
True
Does 1171 divide 2223504168?
True
Is 34547073 a multiple of 1885?
False
Does 4 divide 30690905?
False
Is 133252938 a multiple of 897?
True
Is 51331755 a multiple of 85?
True
Is 566638308 a multiple of 18?
True
Does 736 divide 167446624?
True
Does 30 divide 55004160?
True
Does 1368 divide 2722164048?
True
Is 38921182 a multiple of 80?
False
Does 11 divide 5446179442?
True
Is 39 a factor of 8344577?
False
Is 2600 a factor of 50465210?
False
Is 153 a factor of 39857418?
True
Does 10 divide 94573580?
True
Does 5 divide 4948915?
True
Is 40632596 a multiple of 29?
True
Does 3072 divide 539025408?
True
Is 2671 a factor of 134468824?
True
Is 2 a factor of 6037246?
True
Is 1078 a factor of 73426785?
False
Is 1658 a factor of 1599681966?
False
Is 67337370 a multiple of 90?
True
Is 473 a factor of 19823058?
False
Is 50 a factor of 64222200?
True
Does 137 divide 1456554224?
False
Is 191 a factor of 25779843?
True
Is 1725 a factor of 67240164?
False
Is 339790585 a multiple of 117?
False
Does 542 divide 317465540?
False
Is 19 a factor of 332684338?
True
Is 36 a factor of 34240860?
True
Is 155254500 a multiple of 15?
True
Does 357 divide 21621348?
True
Is 52 a factor of 28854800?
True
Is 392680223 a multiple of 1020?
False
Is 582 a factor of 65612934?
True
Is 21236000 a multiple of 987?
False
Does 547 divide 42037497?
True
Is 353133332 a multiple of 11?
False
Does 15 divide 695688885?
True
Is 6495101 a multiple of 29?
True
Is 296386719 a multiple of 20?
False
Does 16 divide 40608420?
False
Is 102971148 a multiple of 148?
True
Is 33872883 a multiple of 855?
False
Does 636 divide 49413601?
False
Is 3435 a factor of 335365920?
True
Does 84 divide 3149352696?
True
Does 49 divide 114472955?
False
Does 7 divide 41813849?
True
Does 1595 divide 4480355?
True
Is 822633075 a multiple of 55?
True
Does 30 divide 9653250?
True
Is 467 a factor of 395859?
False
Is 881 a factor of 39599188?
True
Is 2068 a factor of 1522306500?
True
Is 409 a factor of 301643226?
True
Is 2448 a factor of 133107552?
True
Is 16 a factor of 261867216?
True
Does 3807 divide 397097141?
False
Is 75 a factor of 2024122950?
True
Is 22 a factor of 3268320?
True
Is 35129100 a multiple of 190?
True
Is 4615534 a multiple of 574?
True
Does 1572 divide 187486152?
True
Is 132 a factor of 28692261?
False
Is 10 a factor of 30768680?
True
Does 1220 divide 573568360?
True
Is 183 a factor of 1360500246?
False
Does 1332 divide 19841472?
True
Is 1905100314 a multiple of 26?
True
Does 48 divide 48587136?
True
Is 12 a factor of 1288885?
False
Is 3946053804 a multiple of 8?
False
Does 108 divide 12567409?
False
Is 1030 a factor of 50380922?
False
Is 505 a factor of 13761034?
False
Is 208 a factor of 67964969?
False
Does 35 divide 28778171?
False
Is 1280349390 a multiple of 355?
True
Is 11496705 a multiple of 5?
True
Is 30992234 a multiple of 1183?
True
Does 24 divide 51271106?
False
Is 440 a factor of 89952840?
False
Does 135 divide 46883892?
False
Is 624139348 a multiple of 358?
True
Is 99 a factor of 42750477?
True
Does 445 divide 84847643?
False
Is 6567511 a multiple of 28?
False
Is 49948264 a multiple of 462?
False
Is 220 a factor of 60614111?
False
Is 1038 a factor of 19075326?
True
Does 312 divide 17223206?
False
Is 221 a factor of 47711027?
True
Does 2806 divide 4983409?
False
Is 388126508 a multiple of 60?
False
Does 70 divide 242309410?
True
Does 32 divide 380798592?
True
Is 16586360 a multiple of 20?
True
Is 3178 a factor of 259911736?
False
Does 4253 divide 1970329840?
True
Is 4 a factor of 700987450?
False
Is 132 a factor of 68625480?
True
Is 129 a factor of 149576403?
True
Is 31 a factor of 39483615?
True
Is 29 a factor of 1043074987?
True
Is 196831209 a multiple of 206?
False
Does 333 divide 29592711?
True
Does 20 divide 3490030?
False
Does 430 divide 25257412?
False
Is 134 a factor of 229778510?
True
Does 28 divide 21685660?
False
Is 618851191 a multiple of 18?
False
Does 397 divide 15642034?
False
Does 214 divide 21274287?
False
Is 394 a factor of 1222745555?
False
Is 417 a factor of 34023030?
True
Is 185623685 a multiple of 2?
False
Is 826 a factor of 414038282?
True
Is 590705962 a multiple of 37?
True
Is 2665731226 a multiple of 8625?
False
Does 315 divide 80550540?
True
Is 96437434 a multiple of 21?
False
Does 8101 divide 1277687940?
False
Is 99851130 a multiple of 162?
True
Is 18 a factor of 146379934